463, 701
List the prime factors of 476116957.
476116957
List the prime factors of 89108430.
2, 3, 5, 2970281
What are the prime factors of 76137637?
76137637
What are the prime factors of 4250275964?
2, 11, 3767, 25643
List the prime factors of 7227945.
3, 5, 160621
List the prime factors of 6788476.
2, 229, 7411
List the prime factors of 66521307.
3, 53, 418373
List the prime factors of 2608166504.
2, 29, 11242097
What are the prime factors of 6299003445?
3, 5, 7, 23, 2608283
What are the prime factors of 101261657?
7, 151, 95801
What are the prime factors of 2939622?
2, 3, 7, 69991
List the prime factors of 583210782.
2, 3, 7, 11, 491, 857
List the prime factors of 1879552635.
3, 5, 125303509
List the prime factors of 308005190.
2, 5, 23, 1339153
List the prime factors of 1199432640.
2, 3, 5, 7, 178487
List the prime factors of 205539030.
2, 3, 5, 1327, 1721
What are the prime factors of 7257723499?
13, 558286423
List the prime factors of 883392795.
3, 5, 659, 29789
What are the prime factors of 50002932?
2, 3, 7, 277, 307
What are the prime factors of 86067923?
17, 5062819
What are the prime factors of 28626857?
7, 29, 31, 4549
List the prime factors of 8587834.
2, 541, 7937
List the prime factors of 133699896.
2, 3, 11, 18757
List the prime factors of 442218134.
2, 221109067
What are the prime factors of 3990922644?
2, 3, 163, 1031, 1979
What are the prime factors of 246215904?
2, 3, 11, 233159
What are the prime factors of 22249721?
13, 1711517
List the prime factors of 498771591.
3, 166257197
List the prime factors of 66212717.
2617, 25301
What are the prime factors of 3508691671?
3508691671
What are the prime factors of 846180983?
149, 1237, 4591
List the prime factors of 2186513019.
3, 193, 1258787
List the prime factors of 1462957376.
2, 73, 313133
What are the prime factors of 1054354368?
2, 3, 37, 193, 769
List the prime factors of 4950003293.
47, 105319219
What are the prime factors of 499037281?
41, 59, 206299
List the prime factors of 190948419.
3, 937, 22643
What are the prime factors of 4940078553?
3, 548897617
List the prime factors of 575224877.
4457, 129061
List the prime factors of 345920467.
7129, 48523
List the prime factors of 694102362.
2, 3, 1571, 73637
List the prime factors of 3150753598.
2, 1575376799
What are the prime factors of 158370820?
2, 5, 7918541
List the prime factors of 1733206500.
2, 3, 5, 599, 643
List the prime factors of 3098053404.
2, 3, 86057039
What are the prime factors of 50844688?
2, 17, 107, 1747
What are the prime factors of 3967986263?
3967986263
List the prime factors of 25418876.
2, 7, 17, 53401
What are the prime factors of 4069262926?
2, 31, 4447, 14759
What are the prime factors of 6817059?
3, 29, 26119
List the prime factors of 100372763.
19, 5282777
List the prime factors of 114004240.
2, 5, 7, 203579
What are the prime factors of 2076904779?
3, 139, 4980587
What are the prime factors of 84092513?
1759, 47807
What are the prime factors of 111611571?
3, 23, 137, 11807
List the prime factors of 2099877913.
7, 299982559
What are the prime factors of 275087443?
275087443
What are the prime factors of 359481900?
2, 3, 5, 19, 63067
List the prime factors of 349378484.
2, 7, 13, 959831
List the prime factors of 2480994377.
2969, 835633
What are the prime factors of 130615149?
3, 7, 379, 16411
What are the prime factors of 2359720154?
2, 11, 107260007
What are the prime factors of 3533449461?
3, 61, 619, 31193
What are the prime factors of 5393295953?
53, 101760301
What are the prime factors of 2745201756?
2, 3, 11, 47, 442489
What are the prime factors of 33365740?
2, 5, 71, 23497
What are the prime factors of 409708959?
3, 11, 17, 23, 113, 281
List the prime factors of 43697061.
3, 433, 11213
What are the prime factors of 286599856?
2, 17912491
List the prime factors of 4953713448.
2, 3, 31, 1423, 4679
List the prime factors of 203763970.
2, 5, 277, 73561
List the prime factors of 9614557.
31, 331, 937
List the prime factors of 215992993.
2311, 93463
List the prime factors of 71600406.
2, 3, 11933401
List the prime factors of 145782851.
191, 763261
List the prime factors of 28986905.
5, 431, 13451
List the prime factors of 194002564.
2, 7, 167, 5927
List the prime factors of 564234040.
2, 5, 599, 23549
What are the prime factors of 1965448931?
17, 157, 736399
What are the prime factors of 2654164007?
11, 1889, 127733
List the prime factors of 114048836.
2, 11, 1601, 1619
What are the prime factors of 16418965?
5, 79, 197, 211
What are the prime factors of 43474172?
2, 7, 221807
What are the prime factors of 640131684?
2, 3, 53344307
List the prime factors of 344253585.
3, 5, 13, 1765403
List the prime factors of 1004750271.
3, 7, 103, 51613
List the prime factors of 34547480.
2, 5, 11, 78517
List the prime factors of 253167883.
29, 1877, 4651
What are the prime factors of 179834654?
2, 23, 1229, 3181
What are the prime factors of 5679878?
2, 2839939
List the prime factors of 16847487.
3, 587, 1063
List the prime factors of 1113477168.
2, 3, 23197441
What are the prime factors of 146480100?
2, 3, 5, 13, 23, 71
What are the prime factors of 32834498?
2, 263, 62423
What are the prime factors of 177210582?
2, 3, 4649, 6353
List the prime factors of 83749537.
37, 811, 2791
What are the prime factors of 414315440?
2, 5, 7, 11, 103, 653
What are the prime factors of 308669893?
7, 523, 84313
List the prime factors of 55744808.
2, 7, 995443
List the prime factors of 6978295596.
2, 3, 193, 3013081
List the prime factors of 733128966.
2, 3, 53, 768479
List the prime factors of 3021507.
3, 113, 2971
What are the prime factors of 405399025?
5, 16215961
List the prime factors of 1232755913.
1232755913
What are the prime factors of 6055612742?
2, 3027806371
List the prime factors of 974094786.
2, 3, 7, 7730911
List the prime factors of 31981065.
3, 5, 193, 11047
List the prime factors of 7769120.
2, 5, 59, 823
List the prime factors of 461524973.
7, 13, 55733
List the prime factors of 328332845.
5, 2719, 24151
List the prime factors of 24662819.
24662819
List the prime factors of 150459046.
2, 1879, 40037
List the prime factors of 981901537.
83, 3181, 3719
What are the prime factors of 11349759?
3, 29, 130457
What are the prime factors of 781196051?
781196051
What are the prime factors of 2452602709?
6287, 390107
List the prime factors of 83983412.
2, 467, 44959
What are the prime factors of 2733448?
2, 341681
What are the prime factors of 32596644?
2, 3, 389, 6983
List the prime factors of 67481676.
2, 3, 1874491
List the prime factors of 114471253.
13, 23, 382847
What are the prime factors of 3326912639?
27827, 119557
List the prime factors of 892317027.
3, 7, 6257, 6791
List the prime factors of 654013158.
2, 3, 4751, 22943
What are the prime factors of 172720248?
2, 3, 23, 312899
List the prime factors of 920930868.
2, 3, 11, 13, 17, 619
What are the prime factors of 807336647?
13, 17, 61, 59887
List the prime factors of 215053143.
3, 151, 653, 727
List the prime factors of 58889251.
769, 76579
What are the prime factors of 1943682857?
31, 62699447
What are the prime factors of 674161291?
4657, 144763
List the prime factors of 552239962.
2, 276119981
What are the prime factors of 449313673?
1423, 315751
What are the prime factors of 299366284?
2, 7, 61, 73
List the prime factors of 592584426.
2, 3, 7, 19, 247529
List the prime factors of 148627000.
2, 5, 148627
What are the prime factors of 15557778?
2, 3, 41, 7027
List the prime factors of 17362414.
2, 8681207
List the prime factors of 1644240281.
4441, 370241
What are the prime factors of 2765020901?
829, 3335369
What are the prime factors of 547372486?
2, 273686243
What are the prime factors of 28122891?
3, 61, 239, 643
What are the prime factors of 51171334?
2, 239, 107053
What are the prime factors of 118352660?
2, 5, 5917633
What are the prime factors of 1121431644?
2, 3, 59, 527981
What are the prime factors of 444838986?
2, 3, 179, 46021
What are the prime factors of 159394561?
6337, 25153
What are the prime factors of 35315992?
2, 107, 41257
List the prime factors of 1085556155.
5, 1213, 178987
What are the prime factors of 1086437259?
3, 4153, 9689
What are the prime factors of 5145695761?
5145695761
What are the prime factors of 3081360